of m.
2, 11
Let x be (24/(-18))/(2/(-6)). Suppose 2*p - a = 11, x*a - 1 = p - 17. Suppose -5*y + 40 = -p*f, 3*y - f = 35 - 11. What are the prime factors of y?
2
Let z be -2 + (-1)/8 + 6012/(-32). Let s = z - -290. What are the prime factors of s?
2, 5
Suppose -3*q = 6, -v - 4*q = 18 + 10. Let z(c) = -10*c - 2. Let h be z(4). Let m = v - h. What are the prime factors of m?
2, 11
Suppose -16 = -2*r - 6, -j = -5*r - 14. Let x = j - -29. List the prime factors of x.
2, 17
Let b be (4 - -1 - -1)*2/(-6). What are the prime factors of (-2)/b + 288*(-2)/(-3)?
193
Let r be (-12)/42 - (-75)/(-7). Let h = -10 - r. List the prime factors of ((-3)/(-2))/h*10.
3, 5
Let f = -86 + 96. Suppose t = 6*t - f, 5*h = 4*t + 37. List the prime factors of h.
3
Suppose -5*h + 8*h - 9 = 0. List the prime factors of (-3 + 430/(-15))/((-1)/h).
5, 19
Let i = -2701 + 5711. What are the prime factors of i?
2, 5, 7, 43
Let u = -42 + 50. Suppose 28 + u = 3*d. List the prime factors of d.
2, 3
Suppose 2*l - 7 = 1. Suppose -y = -l*y + 6. Let n(f) = 3*f + 3. List the prime factors of n(y).
3
Let i be 20/(-9) - 6/(-27). List the prime factors of (19 + i/(-2))*224/28.
2, 5
Let i(y) = 4*y**2 - y + 48. What are the prime factors of i(12)?
2, 3, 17
Suppose 3*b + c = -18, -b + 0 - 6 = 3*c. Let f be (b/(-4))/((-3)/(-58)). Let l = f - 14. What are the prime factors of l?
3, 5
Let u = -103 - -103. Suppose -2*n + 4*n - 436 = -3*h, u = h - 2. List the prime factors of n.
5, 43
Let c be (2 + -2 + -12)/((-4)/(-98)). Let q = -209 - c. What are the prime factors of q?
5, 17
Let k(l) be the first derivative of 7*l**3/3 - l**2 - 3*l - 8. List the prime factors of k(-2).
29
Let z be (4 + -6)*2/4*29. List the prime factors of (38 + -40)*1*z/2.
29
Let h be 112/49 - 2/7. Suppose -3*p - 17 = 2*p - 3*u, h*p - 3*u = -14. What are the prime factors of 4 + 21 + p + 2?
2, 13
Let d = -55 - -61. Suppose -d*p + 203 + 259 = 0. List the prime factors of p.
7, 11
Let v(t) = 137*t - 3. Suppose -5 = 79*l - 84*l. What are the prime factors of v(l)?
2, 67
Suppose 5513 = 4*h - 9*n, -3*n = 4*h - 3*h - 1373. What are the prime factors of h?
2, 43
Let z be 1*(-8)/(-6)*-6. Let y = 10 + z. Suppose -4*v - 7 = 3*t, -4*v + y*t + 12 + 6 = 0. What are the prime factors of v?
2
Let q(a) = -28*a + 515. List the prime factors of q(11).
3, 23
Suppose -300 = -3*r + 6*r. Let k = 274 + r. List the prime factors of k.
2, 3, 29
Let j = -25 + 29. Suppose -18 = -j*d + 18. List the prime factors of d.
3
Let s(p) be the second derivative of -p**5/20 + 5*p**4/12 - 2*p**3/3 + 3*p**2/2 + p. Let m be 25/9 - 48/(-216). What are the prime factors of s(m)?
3
Let s be -2*(-1 + 3 + -3). Let a(c) = 2*c**3 - 3*c**2 + 1. Let f be a(s). Suppose 4*h - 20 = h - o, f*h + 3*o = 28. List the prime factors of h.
2
What are the prime factors of (-9486)/(-119) + (-15)/21 + 1?
2, 5
Suppose -2*j - 61 = -j - 5*o, 2*o = 4*j + 172. Let y = -25 + 11. Let n = y - j. What are the prime factors of n?
3
Suppose 1 - 7 = -3*d. Suppose 58 = g - d*j, -2*j = -2*g + 41 + 77. Suppose g = 2*o - 2*z, 4*z = 4*o + 3*z - 126. What are the prime factors of o?
2
List the prime factors of (4332/304)/(1*1/4).
3, 19
Let b(l) be the first derivative of 7*l**2/2 + 19*l - 11. List the prime factors of b(17).
2, 3, 23
Suppose 3*s = -6, -2*k - 3*s - 111 = -7*k. Let v = 20 + k. Suppose 3*u + 4 + v = 3*z, -3*u - 69 = -5*z. List the prime factors of z.
2, 3
Let o(m) = m**3 - 44. Let q be o(0). Let x = q - -51. List the prime factors of x.
7
Let f = 1 - -5. Let k(p) = -p**3 + 6*p**2 + 8*p - 19. Let h(q) = q**3 - 6*q**2 - 7*q + 17. Let o(s) = -5*h(s) - 4*k(s). List the prime factors of o(f).
3
Let b(f) = 11*f**2 - 95*f - 1. List the prime factors of b(13).
7, 89
Suppose 5*t + i - 6*i - 20 = 0, 6 = -2*t - 5*i. Suppose -5*v + 126 = 4*p, -4*p + 112 = -0*p - t*v. List the prime factors of p.
29
Let m be (-3)/(-6) - 1182/(-12). Let k = m + -42. List the prime factors of k.
3, 19
Suppose 6 - 41 = -5*j. Suppose -j*t + 845 + 219 = 0. What are the prime factors of t?
2, 19
Let w(r) be the first derivative of -10*r**2 - 6*r + 2. List the prime factors of w(-3).
2, 3
Let r(j) = 3*j - 16. Let z(x) = 3*x - 15. Let n(q) = -2*r(q) + 3*z(q). What are the prime factors of n(18)?
41
Let d = -2477 - -3445. List the prime factors of d.
2, 11
Suppose -5*y + 0 - 5 = -5*b, -3*y = -2*b + 2. Let f be 1/(3/(16 - b)). Let k(o) = -o + 8. What are the prime factors of k(f)?
3
Let l = -108 + 603. List the prime factors of l.
3, 5, 11
Suppose -2*j = 3*s - 11 - 6, -s + 4*j + 15 = 0. Let i = -5 + s. Suppose 0 = 4*w - 5*z, -i*w - 5*z + 45 = 3*w. List the prime factors of w.
5
Suppose -w + 32 = 4*g, -4*w - 8*g = -3*g - 161. Suppose 0 = 3*b - w - 136. List the prime factors of b.
2, 3, 5
Let r(q) = q**2 + 8*q - 5. Let y be r(-6). Let c = y - -29. Suppose 5*h + t - 208 = c, -4*h + 3*t = -195. What are the prime factors of h?
3, 5
What are the prime factors of (-50)/525 - 29110/(-42)?
3, 7, 11
Let b(k) = -k**3 + 5*k**2 + k - 2. Let w be b(5). Suppose -w*o - 6 + 21 = 0. Suppose -t = -3*i - 2*i + 91, -2*t = -o*i + 92. List the prime factors of i.
2, 3
Suppose -7*t + 2*t + 1303 = 3*a, -5*t = -3*a - 1297. List the prime factors of t.
2, 5, 13
Let u = -9 - -11. Suppose -18 = -3*j + u*j. Suppose 39 = 3*p - j. List the prime factors of p.
19
Let w = -17 - -69. Suppose -4*y + 5 - 137 = 0. Let a = w + y. List the prime factors of a.
19
Let x be (24/15)/(8/20). Let g be (x/(-8))/(1/12). What are the prime factors of (g/(-4))/(12/120)?
3, 5
Let q = 368 + -73. List the prime factors of 4 + (q - -3) + -4.
2, 149
Let p = 54 - 34. Suppose -c = -d - p, -5*d + 4*c = 2*c + 100. Let j = 20 - d. List the prime factors of j.
2, 5
Let n(g) = -g + 12. Let s(w) = w - 12. Let p(i) = -2*n(i) - 3*s(i). Let d = 41 - 37. What are the prime factors of p(d)?
2
Suppose -a + 21 = 5*i, -a + 6 = 6*i - 4*i. Let q(d) = -14*d + 22. Let n be q(i). What are the prime factors of (4 - n/(-9))*-21?
2, 7
Let b = 12 - 5. Let r(t) = -b*t - t + 3*t + 4. List the prime factors of r(-5).
29
Suppose 6 = -3*g + 9. Suppose -4*j + g - 49 = 0. Let r = 14 - j. List the prime factors of r.
2, 13
Let c(j) = 2*j**2 + 17*j - 5. Let h be c(-9). Let m(l) = -3*l + 1. Let p be m(-1). Suppose -3*n = -2*t - p*n + h, 5*t = n + 10. What are the prime factors of t?
2
Let l = -1824 + 2172. What are the prime factors of l?
2, 3, 29
Let k(w) = w**2 + 5*w - 6. Let h be k(-7). Suppose z + 4*m + 17 = -0*z, -h = -z + m. Suppose 10 = z*x + r, -x = -6*x + r + 30. List the prime factors of x.
5
Let r = 257 - -29. Let l = r + -138. List the prime factors of l.
2, 37
Suppose 37*t + 4*m = 38*t - 1124, 0 = -3*t + m + 3361. What are the prime factors of t?
2, 5, 7
Let w be 92 + 2*10/(-5). Suppose -2*o - 3*o = 3*a - 4546, 0 = -a - 2*o + 1516. What are the prime factors of a/w - (-4)/(-22)?
17
Let d(p) = 811*p**2 - 68*p + 1. What are the prime factors of d(-2)?
3, 7, 23
Suppose -3*w - 1 = -16. Suppose 3*q = 2*i - 65, 0*i = 2*q - w*i + 47. Let z = q - -59. What are the prime factors of z?
2, 19
Suppose -3*d + 4520 - 800 = 0. What are the prime factors of d?
2, 5, 31
Let m = -74 - -88. Let q = 24 - m. List the prime factors of q.
2, 5
Let j(f) = -161*f + 578. List the prime factors of j(-5).
3, 461
Let v = 13 + 248. List the prime factors of v.
3, 29
Suppose 105*r - 108*r + 1080 = 0. What are the prime factors of r?
2, 3, 5
Let f be (846/10)/(12/40). Suppose -f = -6*v + 756. What are the prime factors of v?
173
Let i(k) = 3*k - 13. Let o be i(5). Suppose 0 = -l - 6 - o. List the prime factors of 6/l + (-1264)/(-64).
19
Suppose 31 = 5*w - c, 0 = -4*w - 2*c + 26 + 10. Suppose -2*d = -5*z + w, z + 5 - 12 = -d. What are the prime factors of d?
2
Let u(r) = -5 - r**2 + 8 - 16*r + 8. Let h be 3*-7 - (-42)/6. What are the prime factors of u(h)?
3, 13
Suppose 2511 = 3*r + 3*l, 15 = -l + 6*l. List the prime factors of r.
2, 3, 139
Let t = -8 + 15. Let z(w) = -w**3 + 7*w**2 + 11*w - 10. Let k be z(t). Let a = k - 32. List the prime factors of a.
5, 7
Let l be (39/(-6))/(3/6). Let r = 13 + l. What are the prime factors of (1 + r)*99/3?
3, 11
Suppose 5*t + 0*f = -3*f + 3201, 5*f + 3185 = 5*t. What are the prime factors of t?
3, 71
Suppose -4*c + p = -11, -c + 2*p + 7 = -1. Suppose 0 = 5*m - 3*r - 8 - 3, -2*m = -2*r - c. List